
Calculate the greatest common divisor of 1740 and 1554690.
870
Calculate the greatest common divisor of 694 and 1094.
2
What is the highest common divisor of 8 and 2182?
2
Calculate the highest common factor of 6422 and 2522.
26
Calculate the greatest common factor of 419 and 779759.
419
What is the highest common divisor of 1088 and 120020?
68
Calculate the highest common factor of 52188 and 36.
12
What is the highest common factor of 10746 and 54?
54
What is the highest common factor of 3649 and 164?
41
What is the greatest common factor of 250103 and 21?
7
Calculate the highest common divisor of 8800 and 138400.
800
Calculate the greatest common divisor of 199 and 117.
1
Calculate the highest common factor of 1260 and 1449.
63
What is the highest common factor of 532 and 248836?
28
What is the greatest common divisor of 6 and 654476?
2
What is the highest common factor of 2431099 and 319?
319
What is the greatest common divisor of 50 and 343550?
50
What is the greatest common divisor of 5 and 3439?
1
What is the highest common factor of 45 and 1154835?
45
What is the highest common factor of 258 and 35094?
6
Calculate the greatest common factor of 7987 and 2608.
163
What is the highest common factor of 11182 and 10?
2
What is the highest common divisor of 4941 and 32025?
183
What is the highest common divisor of 1280 and 3620?
20
What is the greatest common divisor of 182153 and 19?
19
Calculate the highest common factor of 127784 and 64.
8
Calculate the greatest common divisor of 6191 and 139892.
41
Calculate the greatest common factor of 58225 and 274.
137
What is the greatest common factor of 509408 and 96?
32
What is the highest common factor of 284 and 8307?
71
Calculate the greatest common factor of 24972 and 60.
12
Calculate the highest common factor of 6 and 65592.
6
What is the greatest common factor of 776 and 720904?
776
Calculate the highest common factor of 591949 and 277.
277
Calculate the highest common divisor of 9 and 8955.
9
Calculate the highest common factor of 4240 and 36.
4
What is the highest common factor of 365777 and 783?
29
Calculate the highest common factor of 2 and 13415.
1
Calculate the greatest common factor of 127 and 414274.
127
Calculate the highest common divisor of 1630683 and 1227.
1227
Calculate the highest common divisor of 9248 and 867.
289
Calculate the greatest common divisor of 385874 and 116.
58
Calculate the highest common factor of 81 and 20277.
27
What is the highest common factor of 4551 and 5781?
123
What is the greatest common divisor of 52 and 4589?
13
What is the greatest common factor of 4619 and 527?
31
Calculate the greatest common factor of 35016 and 96.
24
Calculate the highest common factor of 70 and 65828.
14
What is the highest common divisor of 206 and 86726?
206
Calculate the highest common divisor of 66253 and 38.
19
Calculate the highest common factor of 648499 and 629.
629
Calculate the greatest common divisor of 30852 and 324.
36
Calculate the greatest common factor of 176031 and 18.
9
Calculate the greatest common divisor of 1692 and 87138.
846
What is the highest common divisor of 1568072 and 1236?
412
What is the highest common divisor of 4556 and 7772?
268
Calculate the greatest common factor of 192810 and 30.
30
What is the greatest common factor of 17158514 and 467?
467
What is the highest common factor of 21188 and 32?
4
What is the highest common factor of 74872 and 168?
56
Calculate the highest common factor of 2240 and 67840.
320
What is the greatest common divisor of 2525217 and 366?
183
Calculate the greatest common factor of 1676 and 408106.
838
What is the greatest common factor of 34584 and 2227?
131
Calculate the greatest common factor of 2070627 and 39.
39
What is the highest common factor of 439768 and 252?
28
What is the highest common factor of 39 and 5473?
13
Calculate the highest common divisor of 1413669 and 102.
51
Calculate the highest common factor of 285513 and 57.
57
Calculate the highest common divisor of 61810 and 140.
70
Calculate the highest common factor of 237259 and 121.
11
What is the greatest common factor of 602610 and 90?
30
What is the greatest common divisor of 10611 and 131?
131
What is the greatest common factor of 22736 and 48384?
112
What is the highest common divisor of 637 and 25571?
91
What is the greatest common divisor of 33381 and 2322?
9
Calculate the highest common factor of 273 and 156065.
91
Calculate the greatest common factor of 155179 and 899.
29
What is the highest common factor of 17090475 and 75?
75
Calculate the highest common factor of 18286 and 82.
82
What is the highest common factor of 12352 and 448?
64
What is the highest common factor of 18864 and 4000?
16
Calculate the greatest common factor of 600 and 31080.
120
What is the greatest common divisor of 64 and 116768?
32
Calculate the greatest common divisor of 609 and 123.
3
Calculate the greatest common factor of 50772 and 6.
6
Calculate the highest common factor of 42 and 54957.
21
Calculate the greatest common factor of 3780 and 13840.
20
Calculate the highest common factor of 9288 and 1068.
12
What is the greatest common divisor of 4047 and 12780?
213
Calculate the greatest common divisor of 1245 and 1435.
5
Calculate the greatest common divisor of 17764 and 4.
4
Calculate the highest common divisor of 88 and 296098.
22
Calculate the highest common divisor of 1586 and 598.
26
Calculate the greatest common divisor of 150240 and 40.
40
Calculate the greatest common divisor of 9554 and 1598.
34
Calculate the highest common factor of 120086 and 582.
194
Calculate the highest common factor of 6985 and 8635.
55
What is the highest common factor of 336 and 68120?
8
Calculate the highest common divisor of 54036 and 228.
228
Calculate the highest common divisor of 8 and 185.
1
Calculate the highest common divisor of 40 and 184610.
10
Calculate the highest common factor of 43 and 18103.
43
What is the greatest common divisor of 4313 and 171?
19
What is the greatest common factor of 540661 and 23?
23
Calculate the highest common divisor of 28251 and 25769.
73
What is the highest common divisor of 149277 and 51?
51
What is the highest common divisor of 6554 and 138538?
226
Calculate the highest common divisor of 374 and 3410.
22
What is the greatest common factor of 959092 and 7355?
1471
Calculate the greatest common factor of 7 and 431221.
7
Calculate the greatest common factor of 570609 and 9.
9
What is the highest common factor of 982456 and 7033?
541
What is the highest common divisor of 1281 and 67893?
1281
Calculate the highest common divisor of 2284 and 40541.
571
Calculate the greatest common divisor of 481 and 30173.
13
Calculate the greatest common factor of 30 and 645720.
30
Calculate the greatest common factor of 1240720 and 52.
52
What is the greatest common divisor of 645786 and 54?
54
Calculate the highest common factor of 424008 and 2114.
302
Calculate the greatest common factor of 32 and 127432.
8
What is the highest common factor of 24 and 3825252?
12
What is the highest common divisor of 1995 and 31521?
399
Calculate the highest common divisor of 4368 and 251472.
624
Calculate the highest common factor of 72204 and 110.
22
What is the highest common factor of 265472 and 7072?
544
What is the highest common divisor of 60288 and 11456?
64
Calculate the greatest common divisor of 90865 and 272.
17
What is the highest common factor of 15762 and 1998?
222
What is the greatest common divisor of 91391 and 86744?
1549
Calculate the highest common divisor of 1962592 and 8.
8
What is the highest common factor of 275587 and 33669?
1247
Calculate the highest common divisor of 1078 and 127358.
154
What is the greatest common factor of 127 and 2583307?
127
What is the highest common divisor of 6556 and 704?
44
Calculate the highest common factor of 78389 and 301.
43
What is the highest common divisor of 19 and 8416810?
19
What is the highest common factor of 378 and 536634?
126
What is the highest common factor of 634 and 234?
2
What is the highest common divisor of 460 and 144532?
92
Calculate the highest common divisor of 2227 and 782.
17
What is the highest common factor of 26790 and 266?
38
What is the greatest common divisor of 976 and 327344?
16
Wha